{"id":2439,"date":"2025-02-10T10:17:01","date_gmt":"2025-02-10T09:17:01","guid":{"rendered":"http:\/\/planet-parapente.com\/?page_id=2439"},"modified":"2025-02-12T12:00:30","modified_gmt":"2025-02-12T11:00:30","slug":"la-boutique-de-planet-parapente-vous-propose-le-pack-leaf-3","status":"publish","type":"page","link":"http:\/\/planet-parapente.com\/?page_id=2439","title":{"rendered":"La Boutique de Planet Parapente vous propose: le Pack LEAF  3"},"content":{"rendered":"\n<div class=\"wp-block-columns is-layout-flex wp-container-core-columns-is-layout-9d6595d7 wp-block-columns-is-layout-flex\">\n<div class=\"wp-block-column is-layout-flow wp-block-column-is-layout-flow\">\n<p class=\"has-medium-font-size\">Si vous avez d\u00e9j\u00e0 une certaine autonomie et vous avez une assez bonne exp\u00e9rience dans le Thermique.<\/p>\n\n\n\n<p class=\"has-medium-font-size\">Vous avez les comp\u00e9tences d&rsquo;un brevet de pilote.<\/p>\n\n\n\n<p class=\"has-medium-font-size\">Je vous propose le Pack LEAF 3 de la marque <a href=\"https:\/\/supair.com\/\" data-type=\"link\" data-id=\"https:\/\/supair.com\/\"><strong>SUPAIR<\/strong><\/a><\/p>\n<\/div>\n\n\n\n<div class=\"wp-block-column is-layout-flow wp-block-column-is-layout-flow\" style=\"flex-basis:200px\"><\/div>\n\n\n\n<div class=\"wp-block-column is-layout-flow wp-block-column-is-layout-flow\">\n<div class=\"wp-block-columns is-layout-flex wp-container-core-columns-is-layout-9d6595d7 wp-block-columns-is-layout-flex\">\n<div class=\"wp-block-column is-layout-flow wp-block-column-is-layout-flow\" style=\"flex-basis:100%\">\n<figure class=\"wp-block-image size-large\"><img loading=\"lazy\" decoding=\"async\" width=\"1024\" height=\"611\" src=\"http:\/\/planet-parapente.com\/wp\/wp-content\/uploads\/2025\/02\/LogoPackLeaf3640-1024x611.jpg\" alt=\"\" class=\"wp-image-2445\" srcset=\"http:\/\/planet-parapente.com\/wp\/wp-content\/uploads\/2025\/02\/LogoPackLeaf3640-1024x611.jpg 1024w, http:\/\/planet-parapente.com\/wp\/wp-content\/uploads\/2025\/02\/LogoPackLeaf3640-300x179.jpg 300w, http:\/\/planet-parapente.com\/wp\/wp-content\/uploads\/2025\/02\/LogoPackLeaf3640-768x458.jpg 768w, http:\/\/planet-parapente.com\/wp\/wp-content\/uploads\/2025\/02\/LogoPackLeaf3640-470x280.jpg 470w, http:\/\/planet-parapente.com\/wp\/wp-content\/uploads\/2025\/02\/LogoPackLeaf3640.jpg 1367w\" sizes=\"auto, (max-width: 1024px) 100vw, 1024px\" \/><\/figure>\n<\/div>\n<\/div>\n<\/div>\n\n\n\n<div class=\"wp-block-column is-layout-flow wp-block-column-is-layout-flow\">\n<figure class=\"wp-block-image size-full is-resized\"><a href=\"https:\/\/supair.com\/\" target=\"_blank\" rel=\" noreferrer noopener\"><img loading=\"lazy\" decoding=\"async\" width=\"172\" height=\"120\" src=\"http:\/\/planet-parapente.com\/wp\/wp-content\/uploads\/2025\/02\/170x120.png\" alt=\"\" class=\"wp-image-2486\" style=\"width:158px;height:auto\"\/><\/a><\/figure>\n<\/div>\n<\/div>\n\n\n\n<p class=\"has-medium-font-size\"><strong>Il est compos\u00e9 de: <\/strong> Aile \/ Sellette \/ Secours<\/p>\n\n\n\n<div class=\"wp-block-columns is-layout-flex wp-container-core-columns-is-layout-9d6595d7 wp-block-columns-is-layout-flex\">\n<div class=\"wp-block-column is-layout-flow wp-block-column-is-layout-flow\">\n<figure class=\"wp-block-image size-full\"><a href=\"https:\/\/supair.com\/produit\/aile-parapente-supair-en-b-leaf3\/\"><img loading=\"lazy\" decoding=\"async\" width=\"448\" height=\"217\" src=\"http:\/\/planet-parapente.com\/wp\/wp-content\/uploads\/2025\/02\/Leaf3450.jpg\" alt=\"\" class=\"wp-image-2456\" srcset=\"http:\/\/planet-parapente.com\/wp\/wp-content\/uploads\/2025\/02\/Leaf3450.jpg 448w, http:\/\/planet-parapente.com\/wp\/wp-content\/uploads\/2025\/02\/Leaf3450-300x145.jpg 300w\" sizes=\"auto, (max-width: 448px) 100vw, 448px\" \/><\/a><figcaption class=\"wp-element-caption\"><strong>Une Aile LEAF3  EN-B<\/strong>               Plus d&rsquo;infos cliquer l&rsquo;image<strong> <\/strong><\/figcaption><\/figure>\n\n\n\n<p><\/p>\n\n\n\n<p class=\"has-small-font-size\">Derni\u00e8re g\u00e9n\u00e9ration de l&rsquo;aile pour apprendre et progresser en toute tranquillit\u00e9.<\/p>\n\n\n\n<p class=\"has-small-font-size\">2 coloris possibles<\/p>\n\n\n\n<p class=\"has-small-font-size\">Guide des tailles<\/p>\n\n\n\n<p class=\"has-small-font-size\"><strong>Tailles :<\/strong>&nbsp;XS \/ S \/ M \/ M-L \/ L<br><strong><\/strong><\/p>\n\n\n\n<p class=\"has-small-font-size\"><strong>PTV (Kg) :<\/strong> 50 &#8211; 70 \/ 65 &#8211; 85 \/ 80 &#8211; 105 \/ 90 &#8211; 115 \/ 105 &#8211; 130<\/p>\n\n\n\n<p class=\"has-small-font-size\"><strong>Surface (m\u00b2) :&nbsp;<\/strong>20.5\/ 24 \/ 26.7 \/ 29.0 \/ 311<\/p>\n\n\n\n<p class=\"has-small-font-size\"><strong>Poids&nbsp;<\/strong><strong>(Kg)<\/strong><strong>&nbsp;:<\/strong> 4.10\/4.40 \/ 4.70 \/ 5.00 \/ 5.40<\/p>\n\n\n\n<p>Prix Catalogue: 3990 \u20ac<\/p>\n<\/div>\n\n\n\n<div class=\"wp-block-column is-layout-flow wp-block-column-is-layout-flow\">\n<figure class=\"wp-block-image size-full is-resized\"><a href=\"https:\/\/supair.com\/produit\/sellette-supair-evo-lite-2\/\"><img loading=\"lazy\" decoding=\"async\" width=\"406\" height=\"468\" src=\"http:\/\/planet-parapente.com\/wp\/wp-content\/uploads\/2025\/02\/Evolite2-1.jpg\" alt=\"\" class=\"wp-image-2322\" style=\"width:165px;height:auto\" srcset=\"http:\/\/planet-parapente.com\/wp\/wp-content\/uploads\/2025\/02\/Evolite2-1.jpg 406w, http:\/\/planet-parapente.com\/wp\/wp-content\/uploads\/2025\/02\/Evolite2-1-260x300.jpg 260w\" sizes=\"auto, (max-width: 406px) 100vw, 406px\" \/><\/a><figcaption class=\"wp-element-caption\"><strong>Sellette EVOLITE 2<\/strong><br>Plus d&rsquo;infos cliquer l&rsquo;image<strong>  <\/strong><\/figcaption><\/figure>\n\n\n\n<p class=\"has-small-font-size\">Derni\u00e8re version de <strong>EVOLITE <\/strong> , nous avons choisit ce mod\u00e8le car il est \u00e9volutif , on peut y ajouter un cocon par la suite lors de votre progression ce qui permet si vous changez d&rsquo;aile de conserver votre sellette.<\/p>\n\n\n\n<p class=\"has-small-font-size\">1 seul coloris<\/p>\n\n\n\n<p class=\"has-small-font-size\">Guide des tailles<\/p>\n\n\n\n<p class=\"has-small-font-size\"><strong>Tailles :<\/strong> S \/ M \/ L \/ XL<\/p>\n\n\n\n<p class=\"has-small-font-size\"><strong>Poids (Kg) :<\/strong> 3.6 \/ 3.7 \/ 3.9 \/ 4<\/p>\n\n\n\n<p>Prix Catalogue: 980 \u20ac<\/p>\n<\/div>\n\n\n\n<div class=\"wp-block-column is-layout-flow wp-block-column-is-layout-flow\">\n<figure class=\"wp-block-image size-full\"><a href=\"https:\/\/supair.com\/produit\/parachute-supair-shine\/\"><img loading=\"lazy\" decoding=\"async\" width=\"840\" height=\"450\" src=\"http:\/\/planet-parapente.com\/wp\/wp-content\/uploads\/2025\/02\/shine_.webp\" alt=\"\" class=\"wp-image-2290\" srcset=\"http:\/\/planet-parapente.com\/wp\/wp-content\/uploads\/2025\/02\/shine_.webp 840w, http:\/\/planet-parapente.com\/wp\/wp-content\/uploads\/2025\/02\/shine_-300x161.webp 300w, http:\/\/planet-parapente.com\/wp\/wp-content\/uploads\/2025\/02\/shine_-768x411.webp 768w\" sizes=\"auto, (max-width: 840px) 100vw, 840px\" \/><\/a><figcaption class=\"wp-element-caption\"><strong>Secours Shine<\/strong>                           Plus d&rsquo;infos cliquer l&rsquo;image<strong> <\/strong><\/figcaption><\/figure>\n\n\n\n<p class=\"has-small-font-size\">Un parachute rond plus simple \u00e0 plier . Relativement l\u00e9ger et compact<\/p>\n\n\n\n<p class=\"has-small-font-size\">On ne choisit pas le coloris mais la taille oui<\/p>\n\n\n\n<p class=\"has-small-font-size\"><strong>Tailles :<\/strong> S \/ M \/ L&nbsp;<\/p>\n\n\n\n<p class=\"has-small-font-size\"><strong>Poids (Kg) :&nbsp;<\/strong>1.10 \/ 1.25 \/ 1.54<\/p>\n\n\n\n<p class=\"has-small-font-size\"><strong>PTV (Kg) : <\/strong>85 \/ 105 \/ 125<\/p>\n\n\n\n<p>Prix Catalogue: Taille S 640 \u20ac M 700\u20ac L 750\u20ac<\/p>\n\n\n\n<p>Prix: taille S le prix du pack change en fonction de la taille du secours<\/p>\n<\/div>\n<\/div>\n\n\n\n<p class=\"has-medium-font-size\">Prix Catalogue pour ce <strong>Pack LEAF<\/strong>  3  : <strong>5610  \u20ac<\/strong> nous vous le proposons \u00e0 <strong>4488  \u20ac<\/strong> soit <strong>20<\/strong>% de remise<\/p>\n\n\n\n<p>Prix: taille S pour le secours le prix du pack change en fonction de sa taille<\/p>\n\n\n\n<p>Pour ce tarif nous vous offrons nos conseils, le montage , les r\u00e9glages et la prise en main de votre mat\u00e9riel , une demi journ\u00e9e de gonflage.<br>Et bons vols \u00e0 vous<\/p>\n\n\n\n<p>Ce Pack est le votre , vous pouvez changer de sellette , de secours la remise restera la m\u00eame.<\/p>\n\n\n\n<div class=\"wp-block-columns is-layout-flex wp-container-core-columns-is-layout-9d6595d7 wp-block-columns-is-layout-flex\">\n<div class=\"wp-block-column is-layout-flow wp-block-column-is-layout-flow\">\n<figure class=\"wp-block-embed is-type-video is-provider-youtube wp-block-embed-youtube wp-embed-aspect-16-9 wp-has-aspect-ratio\"><div class=\"wp-block-embed__wrapper\">\n<div class=\"fitvids-video\"><iframe loading=\"lazy\" title=\"LEAF 3 &amp; LEAF 3 Light\" width=\"783\" height=\"440\" src=\"https:\/\/www.youtube.com\/embed\/hMHkHeMlBJw?feature=oembed\" frameborder=\"0\" allow=\"accelerometer; autoplay; clipboard-write; encrypted-media; gyroscope; picture-in-picture; web-share\" referrerpolicy=\"strict-origin-when-cross-origin\" allowfullscreen><\/iframe><\/div>\n<\/div><\/figure>\n<\/div>\n\n\n\n<div class=\"wp-block-column is-layout-flow wp-block-column-is-layout-flow\">\n<figure class=\"wp-block-embed is-type-video is-provider-youtube wp-block-embed-youtube wp-embed-aspect-16-9 wp-has-aspect-ratio\"><div class=\"wp-block-embed__wrapper\">\n<div class=\"fitvids-video\"><iframe loading=\"lazy\" title=\"Evo Lite 2\" width=\"783\" height=\"440\" src=\"https:\/\/www.youtube.com\/embed\/x2swM0G6N2w?feature=oembed\" frameborder=\"0\" allow=\"accelerometer; autoplay; clipboard-write; encrypted-media; gyroscope; picture-in-picture; web-share\" referrerpolicy=\"strict-origin-when-cross-origin\" allowfullscreen><\/iframe><\/div>\n<\/div><\/figure>\n<\/div>\n<\/div>\n\n\n\n<figure class=\"wp-block-gallery has-nested-images columns-default is-cropped wp-block-gallery-1 is-layout-flex wp-block-gallery-is-layout-flex\">\n<figure class=\"wp-block-image size-large\"><img loading=\"lazy\" decoding=\"async\" width=\"448\" height=\"299\" data-id=\"2555\" src=\"http:\/\/planet-parapente.com\/wp\/wp-content\/uploads\/2025\/02\/LeafVir.jpg\" alt=\"\" class=\"wp-image-2555\" srcset=\"http:\/\/planet-parapente.com\/wp\/wp-content\/uploads\/2025\/02\/LeafVir.jpg 448w, http:\/\/planet-parapente.com\/wp\/wp-content\/uploads\/2025\/02\/LeafVir-300x200.jpg 300w, http:\/\/planet-parapente.com\/wp\/wp-content\/uploads\/2025\/02\/LeafVir-272x182.jpg 272w\" sizes=\"auto, (max-width: 448px) 100vw, 448px\" \/><\/figure>\n\n\n\n<figure class=\"wp-block-image size-large\"><img loading=\"lazy\" decoding=\"async\" width=\"448\" height=\"336\" data-id=\"2554\" src=\"http:\/\/planet-parapente.com\/wp\/wp-content\/uploads\/2025\/02\/LeafMont.jpg\" alt=\"\" class=\"wp-image-2554\" srcset=\"http:\/\/planet-parapente.com\/wp\/wp-content\/uploads\/2025\/02\/LeafMont.jpg 448w, http:\/\/planet-parapente.com\/wp\/wp-content\/uploads\/2025\/02\/LeafMont-300x225.jpg 300w\" sizes=\"auto, (max-width: 448px) 100vw, 448px\" \/><\/figure>\n\n\n\n<figure class=\"wp-block-image size-large\"><img loading=\"lazy\" decoding=\"async\" width=\"448\" height=\"299\" data-id=\"2553\" src=\"http:\/\/planet-parapente.com\/wp\/wp-content\/uploads\/2025\/02\/LeafMer.jpg\" alt=\"\" class=\"wp-image-2553\" srcset=\"http:\/\/planet-parapente.com\/wp\/wp-content\/uploads\/2025\/02\/LeafMer.jpg 448w, http:\/\/planet-parapente.com\/wp\/wp-content\/uploads\/2025\/02\/LeafMer-300x200.jpg 300w, http:\/\/planet-parapente.com\/wp\/wp-content\/uploads\/2025\/02\/LeafMer-272x182.jpg 272w\" sizes=\"auto, (max-width: 448px) 100vw, 448px\" \/><\/figure>\n<\/figure>\n\n\n\n<figure class=\"wp-block-image size-full is-resized\"><img loading=\"lazy\" decoding=\"async\" width=\"448\" height=\"299\" src=\"http:\/\/planet-parapente.com\/wp\/wp-content\/uploads\/2025\/02\/LeafDeux.jpg\" alt=\"\" class=\"wp-image-2552\" style=\"width:319px;height:auto\" srcset=\"http:\/\/planet-parapente.com\/wp\/wp-content\/uploads\/2025\/02\/LeafDeux.jpg 448w, http:\/\/planet-parapente.com\/wp\/wp-content\/uploads\/2025\/02\/LeafDeux-300x200.jpg 300w, http:\/\/planet-parapente.com\/wp\/wp-content\/uploads\/2025\/02\/LeafDeux-272x182.jpg 272w\" sizes=\"auto, (max-width: 448px) 100vw, 448px\" \/><\/figure>\n","protected":false},"excerpt":{"rendered":"<p>Si vous avez d\u00e9j\u00e0 une certaine autonomie et vous avez une assez bonne exp\u00e9rience dans le Thermique. Vous avez les comp\u00e9tences d&rsquo;un brevet de pilote.<\/p>\n","protected":false},"author":1,"featured_media":2445,"parent":0,"menu_order":0,"comment_status":"closed","ping_status":"closed","template":"page-templates\/template-portfolio.php","meta":{"footnotes":""},"class_list":["post-2439","page","type-page","status-publish","has-post-thumbnail","hentry"],"_links":{"self":[{"href":"http:\/\/planet-parapente.com\/index.php?rest_route=\/wp\/v2\/pages\/2439","targetHints":{"allow":["GET"]}}],"collection":[{"href":"http:\/\/planet-parapente.com\/index.php?rest_route=\/wp\/v2\/pages"}],"about":[{"href":"http:\/\/planet-parapente.com\/index.php?rest_route=\/wp\/v2\/types\/page"}],"author":[{"embeddable":true,"href":"http:\/\/planet-parapente.com\/index.php?rest_route=\/wp\/v2\/users\/1"}],"replies":[{"embeddable":true,"href":"http:\/\/planet-parapente.com\/index.php?rest_route=%2Fwp%2Fv2%2Fcomments&post=2439"}],"version-history":[{"count":34,"href":"http:\/\/planet-parapente.com\/index.php?rest_route=\/wp\/v2\/pages\/2439\/revisions"}],"predecessor-version":[{"id":2573,"href":"http:\/\/planet-parapente.com\/index.php?rest_route=\/wp\/v2\/pages\/2439\/revisions\/2573"}],"wp:featuredmedia":[{"embeddable":true,"href":"http:\/\/planet-parapente.com\/index.php?rest_route=\/wp\/v2\/media\/2445"}],"wp:attachment":[{"href":"http:\/\/planet-parapente.com\/index.php?rest_route=%2Fwp%2Fv2%2Fmedia&parent=2439"}],"curies":[{"name":"wp","href":"https:\/\/api.w.org\/{rel}","templated":true}]}}