{"id":34,"date":"2015-07-20T10:24:13","date_gmt":"2015-07-20T10:24:13","guid":{"rendered":"http:\/\/demo.themegrill.com\/himalayas-pro\/?page_id=34"},"modified":"2025-01-21T15:06:04","modified_gmt":"2025-01-21T14:06:04","slug":"radiant-design","status":"publish","type":"page","link":"http:\/\/planet-parapente.com\/?page_id=34","title":{"rendered":"Progresser au d\u00e9collage, face voile."},"content":{"rendered":"\n<figure class=\"wp-block-image size-full\"><img loading=\"lazy\" decoding=\"async\" width=\"799\" height=\"450\" src=\"http:\/\/planet-parapente.com\/wp\/wp-content\/uploads\/2022\/02\/IMG_2606.jpg\" alt=\"\" class=\"wp-image-1903\" srcset=\"http:\/\/planet-parapente.com\/wp\/wp-content\/uploads\/2022\/02\/IMG_2606.jpg 799w, http:\/\/planet-parapente.com\/wp\/wp-content\/uploads\/2022\/02\/IMG_2606-300x169.jpg 300w, http:\/\/planet-parapente.com\/wp\/wp-content\/uploads\/2022\/02\/IMG_2606-768x433.jpg 768w\" sizes=\"auto, (max-width: 799px) 100vw, 799px\" \/><\/figure>\n\n\n\n<p><\/p>\n\n\n\n<p class=\"has-medium-font-size\"><strong>1. Planet-Progression<\/strong><\/p>\n\n\n\n<p class=\"has-medium-font-size\"><strong>Planet-Progression<\/strong> se passe en Ile-de-France. Cela peut \u00eatre pour une matin\u00e9e, une fin d\u2019apr\u00e8s-midi, pour une soir\u00e9e ou une journ\u00e9e.<\/p>\n\n\n\n<p class=\"has-medium-font-size\"><strong>Planet-Progression<\/strong> aide \u00e0 acqu\u00e9rir de l&rsquo;exp\u00e9rience dans les techniques de d\u00e9collage et d&rsquo;atterrissage en effectuant de petits vols sur pente \u00e9cole. On y apprend la technique du gonflage face \u00e0 la voile, indispensable si l\u2019on veut acc\u00e9der \u00e0 des a\u00e9rologies plus favorable au vol de dur\u00e9e. On y fait des exercices pour affiner sa gestuelle.<\/p>\n\n\n\n<p class=\"has-medium-font-size\"><strong>Planet Progression<\/strong> vous apporte aussi des connaissances pour \u00eatre de plus en plus autonome. Des connaissances en m\u00e9t\u00e9orologie, a\u00e9rologie, techniques de vol, techniques de pos\u00e9, m\u00e9canique de vol&#8230;<\/p>\n\n\n\n<p class=\"has-medium-font-size\"><strong>Planet Progression<\/strong> s&rsquo;adresse \u00e0 tous ceux qui on une petite ou grande exp\u00e9rience du parapente&nbsp; et qui ont envie d&rsquo;am\u00e9liorer et entretenir leur savoir faire.<\/p>\n\n\n\n<p class=\"has-medium-font-size\"><strong>Combien \u00e7a co\u00fbte ?<\/strong><\/p>\n\n\n\n<p class=\"has-medium-font-size\">Une journ\u00e9e progression d\u00e9collage : <strong>95\u20ac<\/strong><br>Une matin\u00e9e , fin d&rsquo;apr\u00e8s-midi, soir\u00e9e : <strong>65 \u20ac<\/strong><br>Une journ\u00e9e de formation mixte :<strong> 75 \u20ac<\/strong><br><strong>Pratique et connaissances n\u00e9cessaires \u00e0 la pratique<\/strong><br>Pour 2 heure :<strong> 50 \u20ac<\/strong><\/p>\n\n\n\n<p class=\"has-medium-font-size\"><strong>Le Pack gonflage face voile ou progression dos voile<\/strong><br>Pour 5 demi-journ\u00e9es de formation : <strong>260 \u20ac<\/strong><\/p>\n\n\n\n<p class=\"has-medium-font-size\">Soit une demi-journ\u00e9e offerte<\/p>\n\n\n\n<p><br><\/p>\n\n\n\n<p><\/p>\n","protected":false},"excerpt":{"rendered":"<p>1. Planet-Progression Planet-Progression se passe en Ile-de-France. Cela peut \u00eatre pour une matin\u00e9e, une fin d\u2019apr\u00e8s-midi, pour une soir\u00e9e ou une journ\u00e9e. Planet-Progression aide \u00e0<\/p>\n","protected":false},"author":1,"featured_media":576,"parent":0,"menu_order":0,"comment_status":"closed","ping_status":"open","template":"page-templates\/template-services.php","meta":{"footnotes":""},"class_list":["post-34","page","type-page","status-publish","has-post-thumbnail","hentry"],"_links":{"self":[{"href":"http:\/\/planet-parapente.com\/index.php?rest_route=\/wp\/v2\/pages\/34","targetHints":{"allow":["GET"]}}],"collection":[{"href":"http:\/\/planet-parapente.com\/index.php?rest_route=\/wp\/v2\/pages"}],"about":[{"href":"http:\/\/planet-parapente.com\/index.php?rest_route=\/wp\/v2\/types\/page"}],"author":[{"embeddable":true,"href":"http:\/\/planet-parapente.com\/index.php?rest_route=\/wp\/v2\/users\/1"}],"replies":[{"embeddable":true,"href":"http:\/\/planet-parapente.com\/index.php?rest_route=%2Fwp%2Fv2%2Fcomments&post=34"}],"version-history":[{"count":18,"href":"http:\/\/planet-parapente.com\/index.php?rest_route=\/wp\/v2\/pages\/34\/revisions"}],"predecessor-version":[{"id":2257,"href":"http:\/\/planet-parapente.com\/index.php?rest_route=\/wp\/v2\/pages\/34\/revisions\/2257"}],"wp:featuredmedia":[{"embeddable":true,"href":"http:\/\/planet-parapente.com\/index.php?rest_route=\/wp\/v2\/media\/576"}],"wp:attachment":[{"href":"http:\/\/planet-parapente.com\/index.php?rest_route=%2Fwp%2Fv2%2Fmedia&parent=34"}],"curies":[{"name":"wp","href":"https:\/\/api.w.org\/{rel}","templated":true}]}}