{"id":364,"date":"2015-07-20T08:59:11","date_gmt":"2015-07-20T08:59:11","guid":{"rendered":"http:\/\/demo.themegrill.com\/himalayas-pro\/?page_id=4"},"modified":"2025-02-07T15:47:04","modified_gmt":"2025-02-07T14:47:04","slug":"welcome-to-himalayas","status":"publish","type":"page","link":"https:\/\/planet-parapente.com\/?page_id=364","title":{"rendered":"PLANET PARAPENTE"},"content":{"rendered":"<p><strong>Une \u00e9cole de parapente qui s&rsquo;adapte \u00e0 vos envies et \u00e0 votre disponibilit\u00e9 <br \/><\/strong><\/p>\n\n\n<p><\/p>\n","protected":false},"excerpt":{"rendered":"<p>Une \u00e9cole de parapente qui s&rsquo;adapte \u00e0 vos envies et \u00e0 votre disponibilit\u00e9<\/p>\n","protected":false},"author":1,"featured_media":2273,"parent":0,"menu_order":0,"comment_status":"open","ping_status":"open","template":"","meta":{"footnotes":""},"class_list":["post-364","page","type-page","status-publish","has-post-thumbnail","hentry"],"_links":{"self":[{"href":"https:\/\/planet-parapente.com\/index.php?rest_route=\/wp\/v2\/pages\/364","targetHints":{"allow":["GET"]}}],"collection":[{"href":"https:\/\/planet-parapente.com\/index.php?rest_route=\/wp\/v2\/pages"}],"about":[{"href":"https:\/\/planet-parapente.com\/index.php?rest_route=\/wp\/v2\/types\/page"}],"author":[{"embeddable":true,"href":"https:\/\/planet-parapente.com\/index.php?rest_route=\/wp\/v2\/users\/1"}],"replies":[{"embeddable":true,"href":"https:\/\/planet-parapente.com\/index.php?rest_route=%2Fwp%2Fv2%2Fcomments&post=364"}],"version-history":[{"count":8,"href":"https:\/\/planet-parapente.com\/index.php?rest_route=\/wp\/v2\/pages\/364\/revisions"}],"predecessor-version":[{"id":2351,"href":"https:\/\/planet-parapente.com\/index.php?rest_route=\/wp\/v2\/pages\/364\/revisions\/2351"}],"wp:featuredmedia":[{"embeddable":true,"href":"https:\/\/planet-parapente.com\/index.php?rest_route=\/wp\/v2\/media\/2273"}],"wp:attachment":[{"href":"https:\/\/planet-parapente.com\/index.php?rest_route=%2Fwp%2Fv2%2Fmedia&parent=364"}],"curies":[{"name":"wp","href":"https:\/\/api.w.org\/{rel}","templated":true}]}}