{"id":64,"date":"2015-07-20T11:18:33","date_gmt":"2015-07-20T11:18:33","guid":{"rendered":"http:\/\/demo.themegrill.com\/himalayas-pro\/?page_id=64"},"modified":"2025-01-21T12:12:31","modified_gmt":"2025-01-21T11:12:31","slug":"serlina-lopez","status":"publish","type":"page","link":"https:\/\/planet-parapente.com\/?page_id=64","title":{"rendered":"Fr\u00e9d\u00e9ric Henriot"},"content":{"rendered":"<p class=\"spip\"><img loading=\"lazy\" decoding=\"async\" class=\"alignnone  wp-image-714\" src=\"http:\/\/planet-parapente.com\/wp\/wp-content\/uploads\/2015\/07\/P1010178-300x225.jpg\" alt=\"\" width=\"223\" height=\"167\" srcset=\"https:\/\/planet-parapente.com\/wp\/wp-content\/uploads\/2015\/07\/P1010178-300x225.jpg 300w, https:\/\/planet-parapente.com\/wp\/wp-content\/uploads\/2015\/07\/P1010178.jpg 640w\" sizes=\"auto, (max-width: 223px) 100vw, 223px\" \/>\u00a0\u00a0\u00a0\u00a0 <img loading=\"lazy\" decoding=\"async\" class=\"alignnone size-medium wp-image-717\" src=\"http:\/\/planet-parapente.com\/wp\/wp-content\/uploads\/2015\/07\/20161002_105926-300x169.jpg\" alt=\"\" width=\"300\" height=\"169\" \/><\/p>\n<p class=\"spip\"><strong class=\"spip\">Je suis Fred<\/strong><\/p>\n<p class=\"spip\">J\u2019ai attrap\u00e9 le virus parapentique il y a maintenant 26 ans. A ce jour les vaccins ne sont toujours pas efficaces. J\u2019ai fait mes premiers d\u00e9parts de la plan\u00e8te accroch\u00e9 \u00e0 un parapente \u00e0 la montagne et j&rsquo;ai poursuivi mes envols dans la r\u00e9gion Ile de France ou je r\u00e9sidais. J\u2019ai quitt\u00e9 la ville pour la montagne, Aix-les-Bains plus pr\u00e9cis\u00e9ment, pendant cinq ans. L\u00e0-bas j\u2019ai pass\u00e9 le monitorat f\u00e9d\u00e9ral puis le brevet d\u2019\u00e9tat. J\u2019enseigne le parapente depuis 24 ans, trois ann\u00e9es dans les Alpes du Nord, au pays de la tartiflette et de la tome des Bauges, puis deux ann\u00e9es chez les Normands en bord de mer et \u00e0 la campagne. Je vole en France du nord au sud et de l\u2019est \u00e0 l\u2019ouest. Je suis all\u00e9 aussi d\u00e9ployer mes ailes autour de notre magnifique plan\u00e8te, de l\u2019Italie \u00e0 la Sicile, de l\u2019Espagne au Maroc et de l\u2019autre cot\u00e9 de l\u2019Atlantique, l\u00e0 ou le soleil se couche au Mexique, dans contr\u00e9 plus lointaine Madagascar. Voyager avec un parapente en France ou ailleurs c\u2019est plus que sympa. Je suis un amoureux de l\u2019air pur et de la nature et j\u2019esp\u00e8re que nous nous rencontrerons sur la <strong class=\"spip\">Planet Parapente<\/strong>.<\/p>\n<p class=\"spip\"><img loading=\"lazy\" decoding=\"async\" class=\"alignnone size-medium wp-image-707\" src=\"http:\/\/planet-parapente.com\/wp\/wp-content\/uploads\/2015\/07\/DSC_0541-300x199.jpg\" alt=\"\" width=\"300\" height=\"199\" srcset=\"https:\/\/planet-parapente.com\/wp\/wp-content\/uploads\/2015\/07\/DSC_0541-300x199.jpg 300w, https:\/\/planet-parapente.com\/wp\/wp-content\/uploads\/2015\/07\/DSC_0541.jpg 720w\" sizes=\"auto, (max-width: 300px) 100vw, 300px\" \/>\u00a0 <img loading=\"lazy\" decoding=\"async\" class=\"alignnone  wp-image-648\" src=\"http:\/\/planet-parapente.com\/wp\/wp-content\/uploads\/2017\/01\/DSC00459-300x225.jpg\" alt=\"\" width=\"261\" height=\"196\" srcset=\"https:\/\/planet-parapente.com\/wp\/wp-content\/uploads\/2017\/01\/DSC00459-300x225.jpg 300w, https:\/\/planet-parapente.com\/wp\/wp-content\/uploads\/2017\/01\/DSC00459-768x576.jpg 768w, https:\/\/planet-parapente.com\/wp\/wp-content\/uploads\/2017\/01\/DSC00459-1024x768.jpg 1024w, https:\/\/planet-parapente.com\/wp\/wp-content\/uploads\/2017\/01\/DSC00459.jpg 2048w\" sizes=\"auto, (max-width: 261px) 100vw, 261px\" \/><\/p>\n","protected":false},"excerpt":{"rendered":"<p>\u00a0\u00a0\u00a0\u00a0 Je suis Fred J\u2019ai attrap\u00e9 le virus parapentique il y a maintenant 26 ans. A ce jour les vaccins ne sont toujours pas efficaces.<\/p>\n","protected":false},"author":1,"featured_media":640,"parent":0,"menu_order":0,"comment_status":"open","ping_status":"open","template":"page-templates\/template-team.php","meta":{"footnotes":""},"class_list":["post-64","page","type-page","status-publish","has-post-thumbnail","hentry"],"_links":{"self":[{"href":"https:\/\/planet-parapente.com\/index.php?rest_route=\/wp\/v2\/pages\/64","targetHints":{"allow":["GET"]}}],"collection":[{"href":"https:\/\/planet-parapente.com\/index.php?rest_route=\/wp\/v2\/pages"}],"about":[{"href":"https:\/\/planet-parapente.com\/index.php?rest_route=\/wp\/v2\/types\/page"}],"author":[{"embeddable":true,"href":"https:\/\/planet-parapente.com\/index.php?rest_route=\/wp\/v2\/users\/1"}],"replies":[{"embeddable":true,"href":"https:\/\/planet-parapente.com\/index.php?rest_route=%2Fwp%2Fv2%2Fcomments&post=64"}],"version-history":[{"count":4,"href":"https:\/\/planet-parapente.com\/index.php?rest_route=\/wp\/v2\/pages\/64\/revisions"}],"predecessor-version":[{"id":2234,"href":"https:\/\/planet-parapente.com\/index.php?rest_route=\/wp\/v2\/pages\/64\/revisions\/2234"}],"wp:featuredmedia":[{"embeddable":true,"href":"https:\/\/planet-parapente.com\/index.php?rest_route=\/wp\/v2\/media\/640"}],"wp:attachment":[{"href":"https:\/\/planet-parapente.com\/index.php?rest_route=%2Fwp%2Fv2%2Fmedia&parent=64"}],"curies":[{"name":"wp","href":"https:\/\/api.w.org\/{rel}","templated":true}]}}

Frédéric Henriot

<p class="spip"><img loading="lazy" decoding="async" class="alignnone  wp-image-714" src="http://planet-parapente.com/wp/wp-content/uploads/2015/07/P1010178-300x225.jpg" alt="" width="223" height="167" srcset="https://planet-parapente.com/wp/wp-content/uploads/2015/07/P1010178-300x225.jpg 300w, https://planet-parapente.com/wp/wp-content/uploads/2015/07/P1010178.jpg 640w" sizes="auto, (max-width: 223px) 100vw, 223px" />     <img loading="lazy" decoding="async" class="alignnone size-medium wp-image-717" src="http://planet-parapente.com/wp/wp-content/uploads/2015/07/20161002_105926-300x169.jpg" alt="" width="300" height="169" /></p>
<p class="spip"><strong class="spip">Je suis Fred</strong></p>
<p class="spip">J’ai attrapé le virus parapentique il y a maintenant 26 ans. A ce jour les vaccins ne sont toujours pas efficaces. J’ai fait mes premiers départs de la planète accroché à un parapente à la montagne et j&rsquo;ai poursuivi mes envols dans la région Ile de France ou je résidais. J’ai quitté la ville pour la montagne, Aix-les-Bains plus précisément, pendant cinq ans. Là-bas j’ai passé le monitorat fédéral puis le brevet d’état. J’enseigne le parapente depuis 24 ans, trois années dans les Alpes du Nord, au pays de la tartiflette et de la tome des Bauges, puis deux années chez les Normands en bord de mer et à la campagne. Je vole en France du nord au sud et de l’est à l’ouest. Je suis allé aussi déployer mes ailes autour de notre magnifique planète, de l’Italie à la Sicile, de l’Espagne au Maroc et de l’autre coté de l’Atlantique, là ou le soleil se couche au Mexique, dans contré plus lointaine Madagascar. Voyager avec un parapente en France ou ailleurs c’est plus que sympa. Je suis un amoureux de l’air pur et de la nature et j’espère que nous nous rencontrerons sur la <strong class="spip">Planet Parapente</strong>.</p>
<p class="spip"><img loading="lazy" decoding="async" class="alignnone size-medium wp-image-707" src="http://planet-parapente.com/wp/wp-content/uploads/2015/07/DSC_0541-300x199.jpg" alt="" width="300" height="199" srcset="https://planet-parapente.com/wp/wp-content/uploads/2015/07/DSC_0541-300x199.jpg 300w, https://planet-parapente.com/wp/wp-content/uploads/2015/07/DSC_0541.jpg 720w" sizes="auto, (max-width: 300px) 100vw, 300px" />  <img loading="lazy" decoding="async" class="alignnone  wp-image-648" src="http://planet-parapente.com/wp/wp-content/uploads/2017/01/DSC00459-300x225.jpg" alt="" width="261" height="196" srcset="https://planet-parapente.com/wp/wp-content/uploads/2017/01/DSC00459-300x225.jpg 300w, https://planet-parapente.com/wp/wp-content/uploads/2017/01/DSC00459-768x576.jpg 768w, https://planet-parapente.com/wp/wp-content/uploads/2017/01/DSC00459-1024x768.jpg 1024w, https://planet-parapente.com/wp/wp-content/uploads/2017/01/DSC00459.jpg 2048w" sizes="auto, (max-width: 261px) 100vw, 261px" /></p>

<p>     Je suis Fred J’ai attrapé le virus parapentique il y a maintenant 26 ans. A ce jour les vaccins ne sont toujours pas efficaces.</p>
